Is l(n) composite?
False
Suppose -2*d + d - q - 7797 = 0, -4*d - 31163 = -q. Let c = -4709 - d. Is c composite?
False
Let i(m) = -m**3 - 4*m**2 + 2*m - 8. Let d be i(-5). Let v(l) = 352*l + 53. Is v(d) a prime number?
False
Let n = 21 + -20. Let c be (-1)/(3/(-6)*-1). Is 20 - 3*(c + n) a prime number?
True
Let z = -14 + 19. Suppose 4*s = -z*q + 973 + 886, s = -2*q + 743. Is q composite?
True
Suppose -3*o = -2*z + 97765, o = 2*z - 148546 + 50783. Is z a composite number?
True
Let s(d) = -384*d - 2. Let k = -23 - -21. Let t be s(k). Suppose t + 64 = 2*j. Is j composite?
True
Let v(u) = 312*u**2 - 11*u - 37. Is v(-4) a composite number?
False
Let t = 6750 + -2025. Is (2/4)/(t/4722 + -1) a composite number?
False
Let x(s) = -39*s**2 - 18*s - 11. Let q be x(6). Let w = 2724 + q. Is w prime?
True
Let i = 43207 - 30226. Is i composite?
True
Let r = 1223 - -2447. Suppose -5*k + r = -q, -2*k - 3*q - 1468 = -4*k. Is k prime?
False
Suppose -53*w + 9834 = -47*w. Is w a composite number?
True
Let v(a) be the first derivative of 2*a**3/3 - a**2 + 13*a - 18. Is v(-11) a prime number?
True
Suppose 0*b - 18 = -b - 4*r, -2*b = 2*r - 12. Is 3/b*1888/24 composite?
True
Suppose 0 = -4*k + 16*k - 51924. Is k a composite number?
False
Let u = -48 - -42. Is (-9)/u*2/(-3)*-331 prime?
True
Suppose 2*t + 51744 = 2*z, 0 = -4*t - 20. Is z prime?
True
Let s = 1051 - -178. Is s prime?
True
Let v = 5845 - 4008. Is v a composite number?
True
Suppose 2*x + 8 = g, 3*x - 4*g + 5 + 2 = 0. Let j be 217/35 + 1/x. Suppose s + 335 = j*s. Is s a composite number?
False
Let d = 96 + -88. Is (5622/d)/(69/644) composite?
True
Suppose 3*s - b - 20 = 3*b, 4*s + 15 = -3*b. Let f be 2 + 4/16*s. Suppose f*y = -j + 189, j + 2*y = -2*j + 563. Is j a composite number?
True
Suppose 924 = 7*y - 35763. Is y composite?
True
Is (-55)/66*-902 - (-4)/(-6) prime?
True
Let r(y) = 4*y**2 - 6*y + 2. Let v be r(3). Let p(u) = 2*u**2 - 9*u + 3. Is p(v) a composite number?
True
Suppose 56 = 4*i + 4*v, 38 = 2*i + 7*v - 3*v. Suppose 2*r - i*r + 469 = 0. Is r composite?
False
Let f = 432 - 13. Is f composite?
False
Let n(u) = -213*u + 365. Is n(-17) a composite number?
True
Let c(k) = 2*k**2 - k - 6. Let v be c(2). Suppose v*t = -2*m - 3*t + 8216, 0 = 4*m + 4*t - 16436. Is m composite?
False
Let d(c) = -c**3 + 4*c**2 - 2*c - 3. Let z be d(3). Suppose 4*x - 108 - 4 = z. Suppose -m - 9 + x = 0. Is m composite?
False
Suppose 4*v = 5*h - 121, -2*h + 0*v + 49 = -v. Suppose 5*n - 4*u = h, -u = -4*n + 2*u + 20. Suppose -n*f + 774 = -496. Is f composite?
True
Let t(x) = -7*x**2 - 177*x + 7. Is t(-16) prime?
False
Suppose -32*d + 23432 = -24*d. Is d a prime number?
False
Let y(j) = -j**3 + 8*j**2 - 5. Let s be y(7). Let n(d) = 3*d - 3*d - 1 - d**2 - d - s*d**3 + 0*d**2. Is n(-1) a composite number?
False
Let l(r) = -5532*r - 247. Is l(-5) a composite number?
True
Let n = 10208 + 22032. Suppose 18548 = 4*j - n. Is j prime?
True
Let r(d) = 4 - 6 - d**3 - 7 + 3*d**2 - 11*d**2 - 19*d. Is r(-8) a prime number?
False
Let c(i) be the second derivative of -7*i**5/20 - 5*i**4/12 - i**3/2 + i**2 - 2*i. Is c(-4) a composite number?
True
Let p(q) = q + 9. Suppose d + 3*y = -y + 10, y = -5*d + 50. Is p(d) prime?
True
Is (4/(12/12661))/(7/21) prime?
False
Let u = 11232 + 959. Is u composite?
True
Let v(a) = -428*a**3 - 5*a**2 + a + 2. Let q be v(-2). Suppose 18*h + q = 22*h. Is h prime?
False
Is (-35 - -7)*(-4271)/4 a prime number?
False
Let w = -2498 + 3956. Let n = 2464 - w. Let r = -699 + n. Is r a prime number?
True
Let y = 754 + 4455. Is y composite?
False
Let x be (8 - 69)*(-2 + 1). Suppose 5*v - x + 11 = 0. Is -1 + (6*v)/1 a composite number?
False
Let s(u) = -2 + 0*u**2 + 11*u**2 + u**3 + 7 + 7 + 9*u. Is s(-10) a composite number?
True
Let i be 10/(-2)*2/(-5). Suppose -6*b + i*b + 16 = 0. Suppose b*v - 77 - 27 = 0. Is v prime?
False
Suppose 8*i + 4 = -36. Let c(r) = -7*r**3 - 7*r**2 - r + 2. Is c(i) a prime number?
False
Let r(o) be the first derivative of 1192*o**3/3 + o + 1. Suppose -2 = 3*i + 9*v - 4*v, 3 = -2*i - 5*v. Is r(i) prime?
True
Let b(h) = 4*h**3 + 6*h**2 + 21*h + 2. Is b(9) composite?
False
Suppose 0 = -3*o + 2*o - 4, 3*o = -3*r + 312. Let v be (-5 + 2)*(-15)/9. Suppose -v*z + 122 = -r. Is z a composite number?
True
Let z(s) = 2*s**2 + 27*s + 56. Let k be z(-20). Let f = k - -15. Is f a composite number?
False
Let k be (-70)/(-8 + 7)*(-114)/(-4). Let h = k - -710. Is h prime?
False
Let i = 1 + 2. Let h(a) = -a + 1 - 2*a - i*a. Is h(-2) a composite number?
False
Let b(p) = -p + 12. Let d be b(13). Let r(c) = 120*c**2 - 2*c - 1. Let j be r(d). Suppose -3*z + 1064 = -j. Is z prime?
False
Suppose -3*x + 58 = 55, -2*z + 23357 = -5*x. Is z prime?
True
Suppose -7*z + 8*z = 3. Suppose z*c - 2097 = -0*c. Is c composite?
True
Suppose 33*m = 2*m + 1330427. Is m a composite number?
True
Let l(n) = -756*n + 410*n - 547*n - 312*n - 12. Is l(-1) a composite number?
False
Suppose n - x - 1269 = 185, 2*x = -n + 1457. Suppose w - n = -4*w. Is w prime?
False
Let y = -41 - -226. Suppose -g - y = -6*g. Let m = g + -12. Is m a composite number?
True
Suppose a = -4, 0 = -3*f - 2*a + 3*a + 33805. Is f composite?
True
Suppose 6*u - 3*u - 3*c - 11796 = 0, 2*c + 15738 = 4*u. Is u a prime number?
False
Let p(y) = -41*y**2 - 7*y - 4. Let w be p(-4). Let k be -2 - (4 - w)/(-4). Let c = k + -74. Is c a prime number?
True
Suppose 0 = z + 3*c - 4701, -5*z - 3*c = -0*c - 23445. Suppose -18*a + 12*a = -z. Is a a prime number?
False
Suppose 3*j - 10*z + 15*z = 207939, -4*j - 5*z = -277252. Is j a composite number?
False
Let j(u) = u**2 + 5*u - 1. Let l(s) = s**3 - 2*s**2 - 3*s + 3. Let p be l(2). Let d be j(p). Let v(m) = -m**3 - 6*m**2 + 3*m - 9. Is v(d) a prime number?
True
Suppose 5*w - 6503 = -3*n, -2618 = -2*w + 3*n - 0*n. Is w prime?
True
Suppose 76503 = 54*u - 354471. Is u a prime number?
False
Suppose -3*v - 128 = -4*s, 4*s + v = 63 + 49. Suppose -6 - s = -5*c. Suppose -c = 4*t - 243. Is t a prime number?
True
Suppose 3*x + 25 + 11 = 0. Let b(r) = -124*r - 7. Is b(x) a composite number?
False
Let q = -22390 + 45759. Is q a composite number?
False
Let o = 4 - 9. Let y be o/7 + (-6)/21. Is y*(1 + 468/(-1)) a prime number?
True
Suppose -b + 4*b + 4*w = 12323, -b + 2*w + 4111 = 0. Is b composite?
True
Suppose 0 = 2*n + 6 + 22. Let x = n + 16. Suppose x*b = -2*b + 892. Is b a composite number?
False
Suppose s + 4*n - 15 = 0, -s + n - 7 = 3. Let h(r) = 8*r**2 + r - 1. Is h(s) composite?
True
Suppose -5*t - l - 958 = -9471, 0 = 5*t - 4*l - 8523. Is t a prime number?
False
Let x(k) = k**2 + 5*k + 2. Let j be x(-5). Let f = -59 - -57. Is (443 - (-5 - f))/j prime?
True
Let a = 27 + -11. Suppose 2*c + 4 = 4*f, 3*c + 4*f - 3*f = 8. Suppose c*w = 8, -2*j + a = -w - 18. Is j a prime number?
True
Let i = -13 + 16. Suppose i*u - 3207 = 2*u - 2*k, 4*k - 16023 = -5*u. Is u composite?
False
Let z(o) = -33*o**2 + 4*o + 27. Let j(g) = 99*g**2 - 12*g - 81. Let t(s) = 3*j(s) + 8*z(s). Is t(6) a prime number?
False
Let z(n) = 161*n**2 + n + 1. Suppose 4*j + 0 - 4 = 0. Is z(j) prime?
True
Let n = -21 - -21. Let d = n - -2. Is (d/3)/(8/300) a composite number?
True
Suppose 2*x + 0*x + 176 = 0. Let p be (-4 + 1)/(12/x). Suppose 8 = 3*j - p. Is j composite?
True
Suppose 21*a - 466941 + 168930 = 0. Is a composite?
True
Suppose 4*o = -12, -g + o + 441 = 19. Is g prime?
True
Suppose -3*a + 7*a + 24 = 0. Let r be (5 + a)*0/2. Suppose 0 = 3*c + 12, r = -2*q + q + 5*c + 199. Is q a composite number?
False
Suppose -42*o + 44*o = 4064. Let l = -461 + o. Is l a composite number?
False
Suppose -2*z = 4*w - 0*z - 38, -5*w - 3*z = -45. Suppose -w = -c + 2. Suppose -12*h - 958 = -c*h. Is h prime?
True
Suppose 5*i + 4*z = 28879, 1839 = 2*i - z - 9723. Is i composite?
False
Let f = -32982 - -50705. Is f prime?
False
Is (12/(-8))/(1/(-3314)) a prime number?
False
Let z(w) = w**3 + 19*w**2 - 24*w + 47. Let a be z(-20). Suppose -v + 28 = -a. Is v composite?
True
Let t = 38705 + -2467. Is t a composite number?
True
Suppose -r - 4*x + 27855 = 0, -26746 = -2*r - x + 28950. Is r composite?
False
Suppose -53618 = -13*x - 11251. Is x a composite number?
False
Let g be (-2 + 0)*(-16)/4. Suppose -12 + g = 4*m. Is -2 + 178 + 4 + m composite?
False
Let x(j) = 534*j**3 - 14*j + 21. Is x(3) a